= -8 + 1 + 62*m - 1 - 1. Suppose -4 = -h, 0*h = -2*u - 4*h + 42. Is z(u) a prime number?
True
Let y = -14 + 20. Let m(h) = 3 - y + 0 - 13*h - 9. Is m(-5) a composite number?
False
Let k = 80 + -76. Suppose -25 = -7*u + 2*u, 0 = -k*a - u + 14185. Is a a prime number?
False
Let k = 19465 - 2856. Is k prime?
False
Let t be 20*1*(-11)/(-22). Let h be 12/(-20) - 1034/t. Let l = 225 - h. Is l prime?
False
Let q = -10 + 20. Let o be ((-872)/q)/(12/(-30)). Let r = o - 79. Is r a prime number?
True
Suppose 8577 - 180671 = -26*h. Is h a prime number?
True
Is 20/8 + (9699/2)/3 a composite number?
False
Suppose 4*h + 55553 = 5*o, 4*h + 6*h = 5*o - 55535. Is o composite?
False
Suppose -37*d = -10524 - 11639. Is d a composite number?
False
Suppose -30*j - 85960 = -35*j. Suppose -5*i - j = -13*i. Is i prime?
False
Let o(v) = 27*v**3 + 3*v**2 - 5*v + 2. Suppose 2*t - 2 = 7*t + 3*i, 4 = -4*t - 3*i. Let c be t/(-7) + 207/63. Is o(c) composite?
False
Let y(f) = -2*f + 2. Let n(k) = -3*k + 3. Let z(o) = 4*n(o) - 7*y(o). Let j be z(5). Suppose -5*h + j*h - 669 = 0. Is h a composite number?
False
Is (20991 - -10)/(2 - -1 - 2) composite?
False
Suppose -4*n - n = -15. Suppose n*q - 463 + 133 = 4*d, q - 4*d - 118 = 0. Is q prime?
False
Is -1*(-5 - -10 - 4) + 17210 composite?
False
Let h(r) = 6*r**2 + 15*r - 2. Let k be 1/3 + 190/15. Let z = k - 8. Is h(z) a prime number?
True
Let p(i) = i + 20. Let g(j) = j + 10. Let w be g(-12). Let s be -3 - 8*(-1)/w. Is p(s) prime?
True
Is 5 + -4 + 9217 - -5 - 2 prime?
True
Suppose -5*z + 36 = -0*z - 4*m, 4*z = -4*m. Suppose -3*d + 146 = s, -2*s + 161 = z*d - 133. Is s a composite number?
False
Let f(x) = x**3 + 4*x**2 - 6*x + 3. Let m be f(-5). Let h be (6/m)/(1/4). Suppose 5*t - 3*z - 961 = 0, 0 = 2*z + h*z - 15. Is t a composite number?
True
Suppose -5*a + 19 = h, -4*h + 4*a + 0*a - 44 = 0. Is 1*(-3)/(h/1906) composite?
False
Let v(r) = 18*r**2 - 21*r + 72. Is v(7) prime?
False
Suppose 2*p + 4490 = -5*f, 5*p - 916 = f + 9*p. Let u = f - -1803. Is u composite?
False
Suppose -19*t + 23*t = 47108. Is t a composite number?
False
Suppose k + 9381 = -2*b, 0 = b - 4*b - 2*k - 14069. Let t = b - -6744. Is t a composite number?
True
Let z(p) = 903*p + 16. Let h be z(3). Let n = h + -1354. Is n prime?
False
Is (-60)/(-27) + -2 - (-117295)/9 a prime number?
True
Is -4 + 0 + -3 + 13052 a composite number?
True
Let t(z) = z**3 + 16*z**2 + 19*z - 151. Is t(12) a composite number?
True
Is (-2 + 3011)*(-4 + 13/3) a composite number?
True
Suppose 0 = -9*j + 5*j - 8. Let b be -4 - 8*2/j. Suppose l - 158 = -l - 3*p, 0 = b*p. Is l a composite number?
False
Suppose 5*y = -5*x - 35, 0*y = 5*x - 2*y + 7. Let w be -1*(x/1 + 3). Suppose 4*g = -3*o - w*g + 913, -5*o - 5*g + 1525 = 0. Is o a composite number?
False
Suppose -3*a - 4*p + 3 = 0, -a + p = -3 + 2. Suppose 0*c = 2*c + 4*i - 32, -3*i = c - 21. Is (221 + a)/(c/3) prime?
False
Is 35572*7/112*4 + -6 a composite number?
False
Let c = 117 - 101. Suppose -c*m + 17770 = -6*m. Is m composite?
False
Is (-4)/12 + 4/6*440 prime?
True
Suppose 0 = i - o - 906, -o = -i + o + 908. Suppose 5*p + i - 172 = 3*x, -2*p = x - 233. Is x prime?
True
Let d = 136 + -125. Suppose n + 2*i = 87, 13*n - d*n + i - 186 = 0. Is n prime?
False
Let z(a) = -16*a**2 - 3*a + 18*a**2 - 7*a. Let h be z(5). Suppose h = l + 2, 3*l = 5*f + 2*l - 437. Is f a composite number?
True
Let u(n) = -n**3 + 4*n**2 - n - 5. Let v be u(4). Suppose 2*y - 120 = -3*y. Let s = v + y. Is s a composite number?
True
Let p(l) = 3*l**2 + 9*l - 24. Let m be p(11). Let z = 641 - m. Is z a prime number?
False
Let q = 3542 + -6465. Let x be q/(-3) - (-3)/(-9). Suppose 2*h + b - 645 = 2*b, -5*b + x = 3*h. Is h a prime number?
False
Let w(v) = -24 + 3*v**2 + 2*v + 24. Let j be w(5). Let y = j - -130. Is y prime?
False
Suppose -5*h + 10 = -2*h + 2*y, 0 = -2*h + y + 9. Suppose h*n = 3*n. Suppose 0 = -n*c + 5*c - 185. Is c composite?
False
Let x be (-72)/(-12)*(10/(-6) - -2). Suppose -x*k + 763 = y, 4*y = -2*k - 0*k + 766. Is k a prime number?
False
Let m(f) = 4*f**3 - 4*f + 1. Suppose -4*p = 70 - 18. Let c = p + 16. Is m(c) a prime number?
True
Suppose 8*j = -2*j + 116570. Is j prime?
True
Let s be (((-1)/2)/((-9)/(-54)))/(-1). Suppose -10*q + s*q = -29449. Is q a prime number?
False
Let t(g) = -g**3 - 21*g**2 - 20*g + 4. Let o be t(-20). Let n(a) = 5*a**2 + a - 17. Is n(o) a prime number?
True
Let u be ((-67)/5)/(1/(-5)). Let f = 150 - u. Is f prime?
True
Suppose -2*s - 3*q + 8237 = 0, 4*s - 5376 = 4*q + 11048. Is s a prime number?
True
Let l be 518/6*(-6)/(-2). Suppose 0 = -g + 469 - 100. Suppose 0 = 2*t - g - l. Is t composite?
True
Let u(c) = c**3 + 2*c**2 - c + 5. Let z be u(-4). Let d = z + 128. Suppose -2*v + d = 3*v. Is v prime?
False
Let k = 4381 + 3382. Is k prime?
False
Let w = 12 - 10. Is (5 - 14/3)/(w/6702) a prime number?
True
Let p = 183 + 109. Let i = p - -1. Is i a composite number?
False
Let p = 15290 + -10677. Is p prime?
False
Let f be 65/(-26)*(-4)/5. Is (8 - 9) + (-1 - -733)/f a prime number?
False
Let j(m) = 539*m - 55. Let u(b) = b - 1. Let v(p) = j(p) - 4*u(p). Is v(10) composite?
True
Let c(r) = r**3 + 10*r**2 - 11*r - 3. Let x = -30 + 8. Let k be 388/(-44) + 4/x. Is c(k) prime?
False
Let m(i) = 1686*i + 20. Let g be m(-6). Is -2 + 1 - g/8 a prime number?
False
Suppose d - 474 + 26 = -c, 2230 = 5*c + 3*d. Is c prime?
True
Let t be (4 - 9) + 2/1. Let d be 963*(2/t)/(-2). Let o = d + -208. Is o prime?
True
Suppose -3*f - 61 + 4 = 0. Let w = -14 - f. Suppose -2*a - 207 = -w*a. Is a a prime number?
False
Let f(z) = 12*z**2 - 42*z - 131. Is f(-30) prime?
False
Let s = 9 - 15. Let d = 131 + s. Suppose d = m + 12. Is m prime?
True
Let j = 3 - 1. Suppose 0 = -2*p - b + 51, j*p - 2*b - 80 = -p. Let w = 39 - p. Is w composite?
False
Let d be -2*((-20)/(-8) + -2)*1. Is 17918/26 - d/26*-4 composite?
True
Let a be 4/(32/20)*2. Suppose x + 828 = 5*o - 1067, a*o + 5*x = 1895. Is o a prime number?
True
Let x(k) = 4*k**3 + 3*k**2 + 4*k - 2. Is x(3) prime?
False
Let i be 1/4*18*2. Suppose i*y - 20 = 4*y. Let u(n) = 12*n + 5. Is u(y) a prime number?
True
Let c = 3 + -1. Suppose c*q - 4 = q. Suppose 2*f = q + 34. Is f a prime number?
True
Let p(u) = 1000*u + 167. Is p(15) a composite number?
True
Let t(s) be the third derivative of -3*s**5/5 + 7*s**4/24 - s**3/2 + 5*s**2. Let x(h) be the first derivative of t(h). Is x(-6) a composite number?
False
Let w(r) = 233*r**3 - 11*r**2 + 3. Is w(2) prime?
True
Suppose 8*k = 7*k + 2. Suppose k*t - 943 = -2*o - t, 0 = -4*o - 3*t + 1901. Suppose -4*p + 5*v + o = -1657, 4*p = 2*v + 2124. Is p prime?
False
Suppose 2*p + 7*j = 2*j + 52, 3*p = -2*j + 67. Suppose -4*u + p = 1. Suppose 88 = u*h - 97. Is h a prime number?
True
Let k(j) = 4251*j + 88. Is k(3) prime?
True
Is (75/(-50))/(0 + 3/(-282)) a composite number?
True
Suppose -2*f + 5 = -3*f, 5*i - 5*f - 27200 = 0. Is i prime?
False
Let i(w) be the second derivative of w**5/10 - 2*w**4/3 - w**3/6 - 7*w**2/2 - 33*w. Let q = 10 + -4. Is i(q) composite?
False
Suppose -6*x + 13384 = 5*c, 2 = c + 6. Is x prime?
False
Suppose 2*j = -5*k + 8, 7*k - 3*j = 3*k - 12. Suppose w + 197 - 2104 = k. Is w prime?
True
Let d(g) = g**2 - 13*g + 33. Let s(t) = 2*t. Let k be s(7). Is d(k) composite?
False
Suppose -8*w = -3*w + 4*u - 2625, 4*w - 2089 = -u. Is w prime?
True
Let i = -51125 + 90264. Is i prime?
True
Let z = 0 + -6. Let x(l) = 2*l**2 - 2*l - 5. Is x(z) prime?
True
Let b(g) = 4*g**3 - 25*g**2 + 23*g + 21. Is b(9) a composite number?
True
Let i = 10321 + -2492. Is i composite?
False
Let k be (-2)/8 - 25/(-20). Let u = 2 + k. Suppose 5*f - 178 = -4*a + 1287, -u*f + 3*a + 879 = 0. Is f prime?
True
Suppose -209335 = -34*x - x. Is x composite?
False
Suppose 171445 = -17*u + 34*u. Is u composite?
True
Suppose -4*z = -4*t + 4, -z + 2*z = -2*t + 11. Suppose 2*c - 16 = -g, g + 5*c - 28 = -0*c. Suppose -t*j = -g - 124. Is j a composite number?
True
Let t = 163 + -101. Suppose -t = -v + 49. Is v prime?
False
Suppose -4*o - 4*q = 16, 0 = -q + 5 - 1. Let v(l) = l**3 + 9*l**2 + 7*l - 10. Let g be v(o). Is ((-8)/(-4))/(g/(-83)) composite?
False
Let p = -20 - -23. Suppose -p*l = -7*l + 24. Is 9/l*-2 - -86 a composite number?
False
Suppose 0 = m + 4*m + 505. Let z = m + 408. Is z a prime numbe